{"id":4474,"date":"2020-05-08T11:36:59","date_gmt":"2020-05-08T09:36:59","guid":{"rendered":"http:\/\/archers-odet.com\/WordPress-AO\/?page_id=4474"},"modified":"2025-09-01T11:23:16","modified_gmt":"2025-09-01T09:23:16","slug":"informations","status":"publish","type":"page","link":"https:\/\/archers-odet.com\/WordPress-AO\/informations\/","title":{"rendered":"Inscriptions"},"content":{"rendered":"\n<div class=\"wp-block-group\"><div class=\"wp-block-group__inner-container is-layout-flow wp-block-group-is-layout-flow\">\n<div class=\"wp-block-group\"><div class=\"wp-block-group__inner-container is-layout-flow wp-block-group-is-layout-flow\"><\/div><\/div>\n<\/div><\/div>\n\n\n\n<h3 class=\"wp-block-heading has-header-gradient-color has-text-color\">Modalit\u00e9s d&rsquo;inscription :<\/h3>\n\n\n\n<ul class=\"wp-block-list\">\n<li>Etre \u00e2g\u00e9 de 11 ans au cours de l&rsquo;ann\u00e9e sportive.<\/li>\n\n\n\n<li>Pour les d\u00e9butants, inscription <strong>OBLIGATOIRE<\/strong> lors du forum des associations : le 6 septembre 2025, pour un <a href=\"https:\/\/archers-odet.com\/WordPress-AO\/?page_id=4556\">stage d&rsquo;initiation<\/a> de 4h30 en 3 s\u00e9ances avant adh\u00e9sion \u00e0 l&rsquo;ann\u00e9e. <strong>Places limit\u00e9es \u00e0 20 personnes.<\/strong><\/li>\n\n\n\n<li>Lors des permanences, les mardis et jeudis \u00e0 partir de la 2\u00e8me semaine de septembre et jusqu&rsquo;\u00e0 fin octobre \u00e0 la salle de sport du Lyc\u00e9e Kerustum (pour les renouvellements).<\/li>\n\n\n\n<li>En cours d&rsquo;ann\u00e9e sur rendez-vous (pour les personnes ayant \u00e9t\u00e9 licenci\u00e9s FFTA).<\/li>\n<\/ul>\n\n\n\n<h3 class=\"wp-block-heading has-header-gradient-color has-text-color\">Tarifs des licences :<\/h3>\n\n\n\n<ul class=\"wp-block-list\">\n<li>Jeunes (de U13 \u00e0 U21 : Benjamins, Minimes, Cadets, Juniors) : 140 euros<\/li>\n\n\n\n<li>Adultes : 160 euros<\/li>\n<\/ul>\n\n\n\n<h3 class=\"wp-block-heading has-header-gradient-color has-text-color\">Le mat\u00e9riel :<\/h3>\n\n\n\n<ul class=\"wp-block-list\">\n<li>GRATUIT pour les jeunes qui int\u00e8grent l&rsquo;\u00e9cole d&rsquo;arc.<\/li>\n\n\n\n<li>Pour les adultes : mise \u00e0 disposition gratuite de l&rsquo;arc la 1\u00e8re ann\u00e9e. Achat obligatoire du petit mat\u00e9riel (fl\u00e8ches, carquois, palette\u2026) pr\u00e9voir 100 euros.<\/li>\n\n\n\n<li>Achat de l\u2019arc d\u00e8s la deuxi\u00e8me ann\u00e9e.<\/li>\n<\/ul>\n\n\n\n<p><\/p>\n","protected":false},"excerpt":{"rendered":"<p>Modalit\u00e9s d&rsquo;inscription : Tarifs des licences : Le mat\u00e9riel :<\/p>\n","protected":false},"author":1,"featured_media":0,"parent":0,"menu_order":0,"comment_status":"closed","ping_status":"closed","template":"","meta":{"footnotes":""},"class_list":["post-4474","page","type-page","status-publish","hentry"],"_links":{"self":[{"href":"https:\/\/archers-odet.com\/WordPress-AO\/wp-json\/wp\/v2\/pages\/4474","targetHints":{"allow":["GET"]}}],"collection":[{"href":"https:\/\/archers-odet.com\/WordPress-AO\/wp-json\/wp\/v2\/pages"}],"about":[{"href":"https:\/\/archers-odet.com\/WordPress-AO\/wp-json\/wp\/v2\/types\/page"}],"author":[{"embeddable":true,"href":"https:\/\/archers-odet.com\/WordPress-AO\/wp-json\/wp\/v2\/users\/1"}],"replies":[{"embeddable":true,"href":"https:\/\/archers-odet.com\/WordPress-AO\/wp-json\/wp\/v2\/comments?post=4474"}],"version-history":[{"count":19,"href":"https:\/\/archers-odet.com\/WordPress-AO\/wp-json\/wp\/v2\/pages\/4474\/revisions"}],"predecessor-version":[{"id":7300,"href":"https:\/\/archers-odet.com\/WordPress-AO\/wp-json\/wp\/v2\/pages\/4474\/revisions\/7300"}],"wp:attachment":[{"href":"https:\/\/archers-odet.com\/WordPress-AO\/wp-json\/wp\/v2\/media?parent=4474"}],"curies":[{"name":"wp","href":"https:\/\/api.w.org\/{rel}","templated":true}]}}