{"id":4570,"date":"2020-05-08T18:19:28","date_gmt":"2020-05-08T16:19:28","guid":{"rendered":"http:\/\/archers-odet.com\/WordPress-AO\/?page_id=4570"},"modified":"2023-08-19T22:01:51","modified_gmt":"2023-08-19T20:01:51","slug":"planning-du-pas-de-tir-andre-civray","status":"publish","type":"page","link":"https:\/\/archers-odet.com\/WordPress-AO\/planning-du-pas-de-tir-andre-civray\/","title":{"rendered":"Plannings Pas de tir"},"content":{"rendered":"\n<h3 class=\"has-text-align-center has-header-gradient-color has-text-color wp-block-heading\">Planning Pas de tir en salle<\/h3>\n\n\n\n<figure class=\"wp-block-table aligncenter is-style-stripes\"><table><tbody><tr><td><strong>LUNDI<\/strong><\/td><td class=\"has-text-align-center\" data-align=\"center\">18h \u00e0 21h Tirs Instinctif, Nature et 3D<\/td><\/tr><tr><td><strong>MARDI<\/strong><\/td><td class=\"has-text-align-center\" data-align=\"center\">18h \u00e0 20h Entra\u00eenement Dirig\u00e9<\/td><\/tr><tr><td><strong>MERCREDI<\/strong><\/td><td class=\"has-text-align-center\" data-align=\"center\">16h30 \u00e0 18h30 \u00c9cole d\u2019Arc<br>18h30 \u00e0 20h Handisport \/ Sport Adapt\u00e9<\/td><\/tr><tr><td><strong>JEUDI<\/strong><\/td><td class=\"has-text-align-center\" data-align=\"center\">18h \u00e0 20h Entra\u00eenement Libre<\/td><\/tr><tr><td><strong>VENDREDI<\/strong><\/td><td class=\"has-text-align-center\" data-align=\"center\">18h \u00e0 20h Entra\u00eenement Jeunes et Adultes Comp\u00e9titeurs<\/td><\/tr><\/tbody><\/table><\/figure>\n\n\n<div class=\"wp-block-image\">\n<figure class=\"aligncenter size-large is-resized\"><img loading=\"lazy\" decoding=\"async\" src=\"https:\/\/archers-odet.com\/WordPress-AO\/wp-content\/uploads\/2020\/08\/IMG_1860.jpg\" alt=\"\" class=\"wp-image-5478\" width=\"579\" height=\"325\" srcset=\"https:\/\/archers-odet.com\/WordPress-AO\/wp-content\/uploads\/2020\/08\/IMG_1860.jpg 388w, https:\/\/archers-odet.com\/WordPress-AO\/wp-content\/uploads\/2020\/08\/IMG_1860-300x169.jpg 300w\" sizes=\"auto, (max-width: 579px) 100vw, 579px\" \/><\/figure>\n<\/div>\n\n\n<h3 class=\"has-text-align-center has-header-gradient-color has-text-color wp-block-heading\">Planning Pas de tir Andr\u00e9 Civray<\/h3>\n\n\n\n<figure class=\"wp-block-table aligncenter is-style-stripes\"><table><tbody><tr><td><strong>LUNDI<\/strong><\/td><td class=\"has-text-align-center\" data-align=\"center\">Acc\u00e8s libre aux Archers confirm\u00e9s jusqu\u2019\u00e0 18h<br>18h \u00e0 21h Tirs Instinctif, Nature et 3D<\/td><\/tr><tr><td><strong>MARDI<\/strong><\/td><td class=\"has-text-align-center\" data-align=\"center\">Entra\u00eenement sp\u00e9cifique Campagne jusqu\u2019\u00e0 18h<br>18h \u00e0 20h Entra\u00eenement Dirig\u00e9<\/td><\/tr><tr><td><strong>MERCREDI<\/strong><\/td><td class=\"has-text-align-center\" data-align=\"center\">Acc\u00e8s libre aux Archers confirm\u00e9s jusqu\u2019\u00e0 15h<br>15h \u00e0 17h \u00c9cole d\u2019Arc<br>18h \u00e0 19h30 Handisport \/ Sport Adapt\u00e9<\/td><\/tr><tr><td><strong>JEUDI<\/strong><\/td><td class=\"has-text-align-center\" data-align=\"center\">Entra\u00eenement sp\u00e9cifique Campagne jusqu\u2019\u00e0 18h<br>18h \u00e0 20h Entra\u00eenement Libre<\/td><\/tr><tr><td><strong>VENDREDI<\/strong><\/td><td class=\"has-text-align-center\" data-align=\"center\">Acc\u00e8s libre aux Archers confirm\u00e9s jusqu\u2019\u00e0 18h<br>De 18h \u00e0 20h Entra\u00eenement Jeunes et Adultes Comp\u00e9titeurs<\/td><\/tr><\/tbody><\/table><\/figure>\n\n\n\n<h2 class=\"has-text-align-center has-text-color wp-block-heading\" style=\"color:#e70d3d\"><strong>ATTENTION&nbsp;:<\/strong><\/h2>\n\n\n\n<p class=\"has-text-align-center\">Lors des s\u00e9ances d\u2019initiations et d&rsquo;Atout Sport, le pas de tir NE SERA PAS ACCESSIBLE aux Archers licenci\u00e9s.<\/p>\n\n\n\n<p class=\"has-text-align-center has-white-color has-text-color has-background\" style=\"background-color:#a30022\"><strong>De m\u00eame, vous N\u2019\u00caTES PAS PRIORITAIRE lors de l&rsquo;entretien du terrain&nbsp;!<\/strong><\/p>\n","protected":false},"excerpt":{"rendered":"<p>Planning Pas de tir en salle LUNDI 18h \u00e0 21h Tirs Instinctif, Nature et 3D MARDI 18h \u00e0 20h Entra\u00eenement Dirig\u00e9 MERCREDI 16h30 \u00e0 18h30 \u00c9cole d\u2019Arc18h30 \u00e0 20h Handisport \/ Sport Adapt\u00e9 JEUDI 18h \u00e0 20h Entra\u00eenement Libre VENDREDI 18h \u00e0 20h Entra\u00eenement Jeunes et Adultes Comp\u00e9titeurs Planning Pas [&hellip;]<\/p>\n","protected":false},"author":1,"featured_media":0,"parent":0,"menu_order":0,"comment_status":"closed","ping_status":"closed","template":"","meta":{"footnotes":""},"class_list":["post-4570","page","type-page","status-publish","hentry"],"_links":{"self":[{"href":"https:\/\/archers-odet.com\/WordPress-AO\/wp-json\/wp\/v2\/pages\/4570","targetHints":{"allow":["GET"]}}],"collection":[{"href":"https:\/\/archers-odet.com\/WordPress-AO\/wp-json\/wp\/v2\/pages"}],"about":[{"href":"https:\/\/archers-odet.com\/WordPress-AO\/wp-json\/wp\/v2\/types\/page"}],"author":[{"embeddable":true,"href":"https:\/\/archers-odet.com\/WordPress-AO\/wp-json\/wp\/v2\/users\/1"}],"replies":[{"embeddable":true,"href":"https:\/\/archers-odet.com\/WordPress-AO\/wp-json\/wp\/v2\/comments?post=4570"}],"version-history":[{"count":20,"href":"https:\/\/archers-odet.com\/WordPress-AO\/wp-json\/wp\/v2\/pages\/4570\/revisions"}],"predecessor-version":[{"id":6727,"href":"https:\/\/archers-odet.com\/WordPress-AO\/wp-json\/wp\/v2\/pages\/4570\/revisions\/6727"}],"wp:attachment":[{"href":"https:\/\/archers-odet.com\/WordPress-AO\/wp-json\/wp\/v2\/media?parent=4570"}],"curies":[{"name":"wp","href":"https:\/\/api.w.org\/{rel}","templated":true}]}}